7157
What are the prime factors of 9845538?
2, 3, 31, 43, 1231
What are the prime factors of 253701156?
2, 3, 37, 571399
What are the prime factors of 1318143141?
3, 7, 383, 54629
What are the prime factors of 780645448?
2, 11, 157, 56503
What are the prime factors of 944368043?
109, 151, 181, 317
What are the prime factors of 401802819?
3, 11, 67, 181729
What are the prime factors of 621504475?
5, 569, 43691
List the prime factors of 2187451507.
37, 59120311
What are the prime factors of 66424262?
2, 33212131
List the prime factors of 35387366.
2, 7, 29, 43, 2027
What are the prime factors of 2103800893?
97, 21688669
List the prime factors of 325149126.
2, 3, 54191521
List the prime factors of 954486045.
3, 5, 7070267
What are the prime factors of 29338777?
13, 23, 98123
What are the prime factors of 5833471950?
2, 3, 5, 103, 127, 991
List the prime factors of 969364732.
2, 7, 34620169
List the prime factors of 919036408.
2, 114879551
What are the prime factors of 960344820?
2, 3, 5, 859, 6211
What are the prime factors of 196011973?
196011973
List the prime factors of 746327875.
5, 59, 101197
What are the prime factors of 4873015813?
17, 286647989
What are the prime factors of 805666355?
5, 13, 2999, 4133
List the prime factors of 459795193.
11, 13, 19, 31, 53, 103
List the prime factors of 249228709.
41, 6078749
What are the prime factors of 965235071?
965235071
What are the prime factors of 660050075?
5, 17, 53, 29303
What are the prime factors of 62254790?
2, 5, 13, 23, 47, 443
What are the prime factors of 238467708?
2, 3, 19, 348637
What are the prime factors of 115551784?
2, 691, 20903
List the prime factors of 972974938.
2, 13, 67, 558539
What are the prime factors of 16799156?
2, 11, 61, 569
What are the prime factors of 1461217?
347, 4211
List the prime factors of 82338429.
3, 17, 1614479
List the prime factors of 85568967.
3, 11, 137, 701
List the prime factors of 3233597313.
3, 6733, 160087
List the prime factors of 2583882895.
5, 11, 1367, 34367
List the prime factors of 5816900563.
5816900563
List the prime factors of 852420756.
2, 3, 11, 23, 280771
List the prime factors of 766604210.
2, 5, 19, 4034759
List the prime factors of 1439855283.
3, 19, 1097, 23027
What are the prime factors of 5283235707?
3, 17, 163, 599, 1061
List the prime factors of 58310638.
2, 859, 33941
List the prime factors of 397360967.
101, 3934267
List the prime factors of 9331885.
5, 71, 97, 271
What are the prime factors of 837474608?
2, 1213, 43151
List the prime factors of 31827386.
2, 139, 114487
What are the prime factors of 1326102695?
5, 265220539
List the prime factors of 62608331.
17, 3682843
What are the prime factors of 561459093?
3, 13, 1201, 11987
List the prime factors of 213223632.
2, 3, 4442159
What are the prime factors of 78232386?
2, 3, 19, 113, 6073
List the prime factors of 76306512.
2, 3, 1589719
What are the prime factors of 2122712403?
3, 7, 2099, 48157
What are the prime factors of 65106655?
5, 13021331
List the prime factors of 171948980.
2, 5, 7, 149, 8243
What are the prime factors of 202429556?
2, 7, 113, 137, 467
List the prime factors of 19686286.
2, 61, 161363
What are the prime factors of 22238274?
2, 3, 3706379
List the prime factors of 36837038.
2, 7, 2631217
What are the prime factors of 356729552?
2, 22295597
List the prime factors of 3149565284.
2, 1237, 636533
What are the prime factors of 1279621476?
2, 3, 7, 67, 401
What are the prime factors of 3757358149?
3757358149
List the prime factors of 24441936.
2, 3, 337, 1511
What are the prime factors of 84540966?
2, 3, 17, 828833
What are the prime factors of 54736814?
2, 11, 313, 7949
What are the prime factors of 984697345?
5, 196939469
List the prime factors of 2251329.
3, 19, 127, 311
What are the prime factors of 32869423?
61, 569, 947
What are the prime factors of 158084171?
7, 47, 480499
What are the prime factors of 306244519?
7, 83, 527099
What are the prime factors of 2171901797?
13, 167069369
What are the prime factors of 1566752837?
13, 120519449
What are the prime factors of 933040496?
2, 58315031
What are the prime factors of 894080288?
2, 23, 79, 15377
What are the prime factors of 90394313?
59, 1532107
List the prime factors of 105432556.
2, 359, 73421
What are the prime factors of 1108111746?
2, 3, 7, 1949, 13537
What are the prime factors of 142163134?
2, 71081567
List the prime factors of 995747158.
2, 7, 4133, 17209
List the prime factors of 33957364.
2, 7, 17, 71339
List the prime factors of 663377771.
7, 94768253
What are the prime factors of 501178204?
2, 269, 439, 1061
List the prime factors of 167315598.
2, 3, 17, 182261
What are the prime factors of 281552228?
2, 70388057
List the prime factors of 2161501982.
2, 223, 997, 4861
List the prime factors of 1225469307.
3, 408489769
What are the prime factors of 2751996352?
2, 7, 71, 241, 359
List the prime factors of 1227781570.
2, 5, 53, 211, 10979
What are the prime factors of 1848657228?
2, 3, 11, 14004979
What are the prime factors of 126232850?
2, 5, 41, 139, 443
List the prime factors of 279569103.
3, 11, 71, 119321
What are the prime factors of 1028242377?
3, 71, 673, 797
List the prime factors of 470675149.
7, 6983, 9629
List the prime factors of 3382806146.
2, 1691403073
What are the prime factors of 64566610?
2, 5, 6456661
What are the prime factors of 1151404540?
2, 5, 11, 13, 36599
What are the prime factors of 159305302?
2, 13, 151, 40577
List the prime factors of 1233894309.
3, 89, 4621327
List the prime factors of 44272250.
2, 5, 11, 17, 947
List the prime factors of 756606498.
2, 3, 3943, 31981
List the prime factors of 190312737.
3, 63437579
What are the prime factors of 5283874566?
2, 3, 863, 113383
What are the prime factors of 4942658947?
4942658947
What are the prime factors of 263166352?
2, 67, 127, 1933
List the prime factors of 206911976.
2, 19, 1061, 1283
What are the prime factors of 565657963?
13, 29, 1500419
What are the prime factors of 28224944?
2, 11, 61, 239
List the prime factors of 148625856.
2, 3, 258031
List the prime factors of 4751663361.
3, 1583887787
What are the prime factors of 106566030?
2, 3, 5, 17, 71, 109
List the prime factors of 150036552.
2, 3, 239, 8719
List the prime factors of 1518192625.
5, 19, 23, 27793
List the prime factors of 57477330.
2, 3, 5, 193, 1103
List the prime factors of 220815826.
2, 7, 11, 367, 3907
List the prime factors of 5248972582.
2, 7, 73, 1933, 2657
List the prime factors of 25293556.
2, 41, 154229
What are the prime factors of 76154446?
2, 38077223
List the prime factors of 23689383.
3, 2129, 3709
List the prime factors of 9631543429.
4721, 2040149
What are the prime factors of 72778123?
11, 2347, 2819
What are the prime factors of 414701791?
7, 17, 3484889
List the prime factors of 394030568.
2, 49253821
List the prime factors of 54955183.
54955183
What are the prime factors of 1729404615?
3, 5, 23, 5012767
What are the prime factors of 1003884481?
37, 1307, 20759
What are the prime factors of 1113966707?
7, 2731, 58271
List the prime factors of 87578981.
7, 61, 205103
What are the prime factors of 55600972?
2, 7, 113, 17573
What are the prime factors of 203112079?
10007, 20297
What are the prime factors of 149618349?
3, 139, 199, 601
List the prime factors of 3670090.
2, 5, 31, 11839
What are the prime factors of 82645739?
11, 23, 326663
What are the prime factors of 70419232?
2, 13, 109, 1553
What are the prime factors of 567386231?
37, 15334763
What are the prime factors of 6597433?
37, 41, 4349
What are the prime factors of 67562482?
2, 13, 199889
What are the prime factors of 31006351?
17, 1823903
List the prime factors of 43153655.
5, 19, 37, 12277
List the prime factors of 1214742164.
2, 303685541
List the prime factors of 301072190.
2, 5, 30107219
List the prime factors of 38320040.
2, 5, 11, 17, 47, 109
What are the prime factors of 166359961?
166359961
List the prime factors of 2048032069.
2048032069
What are the prime factors of 5479072269?
3, 11, 41, 569, 647
List the prime factors of 1557535739.
683, 2280433
What are the prime factors of 895824291?
3, 2423, 123239
What are the prime factors of 1221076760?
2, 5, 41, 744559
What are the prime factors of 225903322?
2, 107, 397, 2659
List the prime factors of